factors of i.
17, 1439
What are the prime factors of ((1 + 9)/(-10))/((-7)/60487)?
8641
Suppose -4057 = -b - o, 4*b - 31*o - 16213 = -30*o. What are the prime factors of b?
2, 2027
Suppose 3*b + 5*d - 35981 = 0, 4*d = 5*b - 74881 + 14962. List the prime factors of b.
11987
Let q(j) = 201*j**2 - 7*j + 32. What are the prime factors of q(-4)?
2, 3, 7, 13
Suppose d = -5*g + 38084, 0 = 4*g + 2*d - 6690 - 23770. What are the prime factors of g?
2, 13, 293
Let z be ((-4)/(-10 + 9))/(2/6). Let f(u) = -4*u**3 + 50*u**2 + 5*u + 26. List the prime factors of f(z).
2, 11, 17
Let d(q) = 34*q + 25. Let c(m) = m. Let t(l) = 4*c(l) + d(l). Let f be t(6). Suppose f = 2*j - 127. List the prime factors of j.
2, 5, 19
What are the prime factors of (-1)/((-1)/2208) + 46 + -52?
2, 3, 367
Let w(l) = l**3 - 5*l + 9. Let n be w(5). Let p = 273 - n. What are the prime factors of p?
2, 41
Let q = -528 - -1445. Let l = 44 + q. List the prime factors of l.
31
Let t = -175 - -173. What are the prime factors of -1 - (-2 + -15 + t)?
2, 3
Let c(k) = 5898*k**2 + 3*k + 1. Let w be c(-1). Suppose 14*p - 25*p = -w. What are the prime factors of p?
2, 67
Suppose -37*r + 1311258 = 271669. List the prime factors of r.
28097
Suppose 0*y = -y - f, 0 = -4*y - f. Suppose 4*j - 427 = -5*g + 633, y = 5*j - g - 1354. What are the prime factors of (-27)/j + (-4742)/(-20)?
3, 79
Let p(x) = -x**3 + 51*x**2 - 65*x + 53. What are the prime factors of p(-27)?
2, 5, 5867
List the prime factors of (4*(-2217)/(-6))/(56/1120).
2, 5, 739
Let f = -60 - -64. Suppose -y - c + 55 = 3*c, f*c = 0. Suppose 0 = -2*x + x + y. What are the prime factors of x?
5, 11
Let m = 342 + 121. Let u = m - 271. List the prime factors of u.
2, 3
Let d(m) = m**3 + 33*m**2 - 321*m - 55. List the prime factors of d(-38).
3, 547
Let j(u) = u**2 - 9*u - 30. Let l be j(12). Let p be 3/(-3)*(-2 - l*-22). Let k = p - -261. List the prime factors of k.
131
Suppose 0 = 11*q - 13*q - 4*r + 9158, -5*r + 9164 = 2*q. What are the prime factors of q?
4567
Suppose -5*i - q + 131 = -14844, -i + 2974 = -4*q. What are the prime factors of i?
2, 3, 499
Suppose -2*f = j - 721, 8*j - 2896 = 4*j - 4*f. Let i = j + -496. What are the prime factors of i?
3, 7, 11
Let t = 8254 - 4518. List the prime factors of t.
2, 467
Suppose 0 = v - 186 + 325. Let s = 283 - v. What are the prime factors of s?
2, 211
Suppose -5*y = -4*q - 7, -3*y + 8*q + 19 = 13*q. Suppose 5*m - 3*c - 1265 = 1504, 0 = -y*m - 4*c + 1673. List the prime factors of m.
3, 5, 37
Let y be (0 - -7) + (-9 - -6). List the prime factors of y*(-6)/(-72) - (-22)/6.
2
Let l(o) = 4*o + 144. Let q be l(22). What are the prime factors of (-18)/(-5 - q/(-48))?
2, 3
Suppose 4*d = n + 13376, -16720 = -281*d + 276*d - 2*n. What are the prime factors of d?
2, 11, 19
Suppose -13*g - 105 = 8*g. Let h(x) = 15*x**2 + 9*x + 54. List the prime factors of h(g).
2, 3
Let z(y) = 11*y**2 + 7*y - 10. Let p be z(6). Suppose 0 - 12 = -3*s. Suppose n - 6*n + 548 = s*x, 2*x = 4*n - p. What are the prime factors of n?
2, 3
Let v(w) = -2*w**2 - 6*w - 27. Let b be v(16). List the prime factors of 4 + (9/(36/(-16)) - b).
5, 127
Suppose 0 = -2*n - 4*d + 662, -12*d + 8*d - 694 = -2*n. Let h = n - 182. List the prime factors of h.
157
Let j = -36 + 50. Suppose j*w - 7723 + 1339 = 0. What are the prime factors of w?
2, 3, 19
Suppose -3*n + 35690 = -4*q, -n + 2*q + 1693 + 10207 = 0. List the prime factors of n.
2, 5, 29, 41
Suppose 11 = -3*b + 17. Suppose -8 = -j - b. Suppose 2*n - i = 24, -4*n + j*i = 2*i - 56. What are the prime factors of n?
2, 5
Let w = -5750 + 3736. Let s be w/(-9) + (-8)/(-36). Suppose 120*h = 122*h - s. What are the prime factors of h?
2, 7
Suppose 2*x - 2*h - 7206 = 0, -4200*x + 3*h = -4203*x + 10761. What are the prime factors of x?
5, 719
Suppose -5*d - 2*h + 4*h + 2 = 0, -3*d = -h - 1. List the prime factors of 80*(d + 1) + -4 + -4.
2, 3
What are the prime factors of (-192)/(-240)*(-14275)/(-2)?
2, 5, 571
Suppose 0 = -14*t + 1515617 - 519195. List the prime factors of t.
103, 691
Let d be (-2)/(-12) - (-51)/(-306). Suppose d = -3*o + 4*q + 1440, 0 = -2*o - 3*q - 0*q + 960. List the prime factors of o.
2, 3, 5
Let t(s) = -s**3 - 5*s**2 + 4. Let z be (18/(-36))/(1/24). Let o = 7 + z. List the prime factors of t(o).
2
Let g be (5/10)/(19581/6528 - 3). List the prime factors of (g/(-48))/(2/12*4).
2, 17
Let z = 58 + -60. Let u be z/(-4) - (-3 - 195/6). Let y = -34 + u. What are the prime factors of y?
2
Let r be 8/(-10) + 66/(-5). Let f(u) = 16*u + 3. Let g be f(8). Let l = g + r. What are the prime factors of l?
3, 13
Let p(a) = 1931*a**2 + 87*a + 5. What are the prime factors of p(4)?
31249
Suppose 0 = -4*d - 3*f - 17, f = 4*d - 2*f - 1. List the prime factors of 635/10 - d/(-4).
3, 7
Suppose -4*s + 50 = s. Suppose 6*n - s = -4. List the prime factors of -19 + 20 + 116/n.
3, 13
Let r = -679 + 769. List the prime factors of -20*(-996)/r*6.
2, 83
Let u(x) be the second derivative of -65*x**3/3 + 63*x**2/2 - 34*x. List the prime factors of u(-3).
3, 151
Suppose 5*w = 0, -6*z + 10*z + 3*w = 44. List the prime factors of 7/((z/82)/11).
2, 7, 41
Suppose -2*o - 5*o = 0. Suppose o = -8*k + 3*k - 180. Let v = -34 - k. List the prime factors of v.
2
Let j(f) = 380*f**2 - 12*f - 37. What are the prime factors of j(-2)?
11, 137
Let f(a) = -227*a**3 + 3*a**2 + 136*a + 508. What are the prime factors of f(-4)?
2, 5, 727
Let c = 66748 - 34259. What are the prime factors of c?
53, 613
Let r = -1883 + 1119. Let w = -452 - r. List the prime factors of w.
2, 3, 13
Suppose -4*b - 16 = 0, -2*b - 21 = -4*w + 2431. Suppose 936 = 2*s - z, s - w + 143 = z. List the prime factors of s.
2, 3, 13
What are the prime factors of (-110 + 104)*(-45583)/6?
79, 577
Let a(b) = b**2 - 33*b - 367. What are the prime factors of a(-139)?
3, 7, 19, 59
Suppose 8 = -4*d + 6*d. Suppose 0 = 17*n - d*n - 3705. Suppose -n = -22*m + 7*m. What are the prime factors of m?
19
Suppose 42117 = 2*l + i - 16955, -4*i + 88613 = 3*l. List the prime factors of l.
3, 5, 11, 179
Let j(r) = 37*r**3 + 2*r**2 - 11 - 16*r - r**3 + 32*r - 11 - 3*r**2. List the prime factors of j(3).
23, 43
Let k(o) = -32*o - 54. Let h be k(-17). Suppose -5*i - 7*m = -2*m - h, i - 4*m - 113 = 0. What are the prime factors of i?
101
Let p be 33 + -35 - (0/1 - -2157). Let s = p - -3033. What are the prime factors of s?
2, 19, 23
Suppose 3*q - 7495 = -k, -4*k + 10866 = 5*q - 1621. Suppose c - 5 = 0, 5*c = -22*n + 24*n - q. What are the prime factors of n?
2, 631
Suppose -1457455 = -445*g + 359035. List the prime factors of g.
2, 13, 157
List the prime factors of (3 + (-28)/6)/2 - (-42707141)/978.
13, 3359
Suppose 0 = 4*v - 2*l + 11127 - 160063, -3*v + 2*l = -111706. List the prime factors of v.
2, 3, 5, 17, 73
Suppose 5*k - 752 = 1338. Let p = k - 220. What are the prime factors of p?
2, 3, 11
Let g(n) = -n**3 + 10*n**2 - 7*n - 12. Let x be g(9). Suppose -2*t = x, -5*t = -3*v + 339 + 609. List the prime factors of v.
311
Suppose 3*k + 480 = 3*z, -z + 2*k + 11 + 144 = 0. Let o = 1159 + -1225. Let r = z + o. List the prime factors of r.
3, 11
Let t(p) = -15*p - 2. Suppose 4*n = l + 5*n + 7, 2*l = 3*n - 19. What are the prime factors of t(l)?
2, 59
Suppose -224582 - 15736 = -9*f. List the prime factors of f.
2, 13, 79
What are the prime factors of 39/((-468)/96) + 9011?
3, 3001
Let m = 96 - 88. Let h be (-1)/m + 18056/64. Suppose -s + 3*s = h. What are the prime factors of s?
3, 47
Let c = 35 + -27. Let m(q) = c + 1 + 0 - q**3 - 5 + 14*q. What are the prime factors of m(-6)?
2, 17
Let j = -115376 + 165832. List the prime factors of j.
2, 7, 17, 53
Let m(k) = -k**2 + 33*k - 87. Let c be m(30). Suppose 3*j + 3*v = 378, -c*j + 3*v - 2*v = -374. What are the prime factors of j?
5
Let h(i) = 223*i**2 + 131*i + 231. What are the prime factors of h(-11)?
3, 11, 71
Suppose -3*w - 8*w + 187 = 0. Suppose -w*b + 7556 = -14119. What are the prime factors of b?
3, 5, 17
Let o be (1 - -2)/(-1) - -7. Suppose 141 = d - o*d. Let j = 106 + d. What are the prime factors of j?
59
Let q = 172 + -166. What are the prime factors of (-2)/20 + q/((-300)/(-2605))?
2, 13
Let c be (-20)/(1/(-1)) - 4. Suppose -2*w + 27 = -5*k - 1, c = 3*w - k. List the prime factors of (12 + -4)*(9 + w).
2, 13
Suppose -875*